hat is the greatest common divisor of 289 and n?
17
Suppose 9*l - 136 = 44. Calculate the highest common factor of l and 120.
20
Let d = -127 + 130. Suppose d*j - 181 = -19. Calculate the highest common divisor of 81 and j.
27
Let j = 12 - 9. Suppose -d = 3*d - j*z - 1976, 978 = 2*d - 4*z. Let y = -302 + d. Calculate the highest common factor of y and 39.
39
Let w = 63 + -61. Suppose w*i + 214 = 4*z, 4*z + 12*i - 193 = 7*i. What is the highest common divisor of 13 and z?
13
Suppose -5*k + 5 = -15. Let x be (-10)/(k/88*-4). What is the highest common divisor of x and 11?
11
Suppose 4*q + 0*q - 33 = 5*k, 0 = -3*q - 2*k + 19. Let u be (0 - q/4)*-4. Suppose 1519 - 2023 = -9*n. Calculate the greatest common factor of u and n.
7
Let u(r) = -8*r**2 + 25*r**2 - 5 + 3. Let b be u(2). Suppose 241 = 5*g + b. What is the greatest common divisor of 14 and g?
7
Let i(m) = -26*m + 1102. Let h be i(41). What is the highest common divisor of h and 774?
18
Let j = -5 - -31. Suppose 110*s - 158*s = -11232. What is the greatest common divisor of j and s?
26
Let g be (-6)/12 + (-26)/(-4). Suppose 6*m + i + 11 = 2*m, 2*i + g = 0. Let y be -3*(m + (-19)/3). Calculate the greatest common divisor of 5 and y.
5
Let g(z) = z**2 + 8*z + 9. Let t be (30/9)/(5/15). Suppose -k - 5*y = 19, -k + 4*y - t = k. Let f be g(k). What is the greatest common factor of 72 and f?
18
Let z = 249 + -244. Let i(l) = -l**3 + 6*l**2 + 5*l - 5. Let x be i(6). What is the greatest common divisor of x and z?
5
Suppose -23 = -3*w - 5*z, -4*w = w - 5*z + 15. Let l = -6 - w. Let r be 35*(-2 + (-20)/l). What is the greatest common divisor of 6 and r?
6
Let z = 27 + -18. Suppose z*d = 2*d + 441. Let k = 8 + -1. Calculate the highest common factor of k and d.
7
Let s(c) = 9*c - 1. Let h be s(1). Suppose 0 = 3*k + k - h. Suppose -k*o = -22 - 6. Calculate the highest common divisor of 14 and o.
14
Let b(j) = 7*j - 5. Let x be b(19). Suppose x = 5*a - 637. Let s be -34*(6/4)/(-3). What is the highest common divisor of s and a?
17
Let t(j) = j**2 + 17*j - 4. Let m be t(-17). Let c be 8*1 - ((2 - 1) + m). What is the greatest common divisor of c and 11?
11
Let f(q) = 3*q**2 + q. Suppose i - 2*c - 3 = -6, 4*i + 5 = c. Let j be f(i). Let h be (15/j)/(21/56). What is the highest common divisor of h and 4?
4
Suppose -6*i = -802 - 206. Calculate the highest common factor of 264 and i.
24
Let k(q) = 5*q - 1. Suppose -7*x + 6*x = -15. Let j be k(x). Suppose 5*t - 6 - j = 0. What is the greatest common divisor of t and 160?
16
Let o = -68 - -126. Suppose 5*p - 22 = o. What is the greatest common divisor of p and 12?
4
Let y = -14 - -17. Suppose y*f - p - 1 - 1 = 0, f - p = 2. Suppose -5*s + 74 = 4*h, f*h = 5*s - 2*h - 98. What is the highest common factor of s and 6?
6
Suppose -2*y - 40 = -5*x - 3*y, 4*x = 3*y + 13. Suppose -1 - x = 2*f, 0 = p - 2*f. Let j be ((-8)/10)/(p/160). Calculate the greatest common factor of 8 and j.
8
Suppose 123*z = 121*z - 5*w + 750, -z - 4*w + 369 = 0. What is the greatest common factor of 231 and z?
77
Let n be (-138)/(-18)*5*6. Let z be (6 + n/(-25))*(0 + -5). Calculate the greatest common factor of z and 32.
16
Suppose -9 = 2*c - 273. Suppose -4*k = -0*k + 12. Let q be ((-12)/1)/(3/k). What is the greatest common factor of q and c?
12
Let c = 17 + -15. Suppose 2*t + t - 4*p = 87, c*t = 3*p + 59. Calculate the highest common factor of t and 25.
25
Let u be 15/(-9) + (-2325)/(-45). Calculate the highest common divisor of 425 and u.
25
Let t be 1/(((-18)/(-1188))/(1/3)). What is the greatest common divisor of 44 and t?
22
Let a = 227 - 115. What is the greatest common factor of 70 and a?
14
Suppose 0 = 8*r - 41 - 7. Let p be 9/r*(-2)/(-3) - -9. Suppose -135 = -5*j + 15. What is the highest common factor of p and j?
10
Let x be -3 + (-114 - -2)*-5. Let y = x - 1178. Let i be y/(-36) - (-3)/4. Calculate the greatest common divisor of i and 12.
6
Let y(x) = x**2 - 2*x + 4. Let c be y(-5). Suppose -15*l - 36 = -16*l. Suppose -l*r + 2808 = -27*r. Calculate the highest common divisor of c and r.
39
Suppose 3*c - 261 - 276 = 0. Let o = c - 107. Let b = -17 + 26. What is the highest common divisor of o and b?
9
Suppose 0 = -3*k + 4*x + 62, 2*k = -2*k - 5*x + 93. Let t = 40 - k. Let j be 2 - 32/18 - (-32)/18. Calculate the highest common divisor of j and t.
2
Let a(y) = 236*y - 415. Let h be a(5). Calculate the greatest common factor of h and 102.
51
Suppose 2045 = 16*j + 141. Calculate the highest common divisor of 14 and j.
7
Let g = -116 + 252. Let m(t) = 1 - 1 + 1 - 16*t + 0. Let k be m(-1). Calculate the highest common factor of k and g.
17
Let f be (-8 - -8)/(3/((-3)/2)). Suppose -4*u - u + 4*v + 65 = f, -2*u + v = -26. Calculate the highest common divisor of 13 and u.
13
Let y be 1 + -1 - (15 + 7). Suppose -80 = 4*b - 4*l, 24 = -b + 3*l - 0*l. Let n = b - y. Calculate the highest common divisor of 8 and n.
4
Let m(o) be the second derivative of o**5/20 + o**4/3 - o**3/2 + 3*o**2 - 4*o. Let i be m(3). Calculate the greatest common factor of 12 and i.
12
Let k = -21 + 64. What is the greatest common divisor of k and 86?
43
Let y = 18 + -14. Suppose 0 = -z - y*z + 40. Let f = z + -4. What is the highest common divisor of f and 20?
4
Let x be (-6)/((-5)/585*3). Calculate the greatest common factor of x and 156.
78
Suppose -x + 0*x = -4*b - 12, -5*x + 37 = 3*b. Let s(d) = 9*d**3 + 5*d**2 + 20*d - 44. Let f be s(2). Calculate the greatest common factor of x and f.
8
Let y be -405*((-12)/(-15) + (-51)/45). Calculate the greatest common divisor of 35 and y.
5
Suppose 5*v - 478 = i - 2*i, -v + 98 = -i. What is the highest common factor of 3 and v?
3
Let z(m) = -2*m**2 + 9*m + 7. Suppose 0 = 6*o - 2*o - 28. Let r be z(o). Let s be 38/14 + (-8)/r. Calculate the greatest common factor of s and 12.
3
Suppose -2*n = 5*a - 28, 21*a = 22*a - n - 7. What is the greatest common factor of 6 and a?
6
Suppose 4*k + 5*c = 42, -31 = -3*k + 2*c + 12. Suppose -5*h + 6*h - k = 0. Let x = -118 + 235. Calculate the greatest common divisor of x and h.
13
Let w = -25 - -31. Let m be ((-6)/4)/((-1)/w). Suppose 0 = -t + 1. What is the highest common divisor of t and m?
1
Let h = -41 + 47. Let q be ((-3026)/(-12))/17 + 1/h. Suppose -60 = -0*a - 4*a. What is the highest common divisor of q and a?
15
Suppose -s - 2 - 3 = 5*g, 4*g - 2*s - 10 = 0. Suppose -p - 3*p + 320 = g. Calculate the highest common factor of 10 and p.
10
Let b(v) = -v - 11. Let j be b(-11). Suppose y = -4*n + 2*n + 32, j = -5*y + n + 116. Let d be 2/4 - 14/(-4). What is the greatest common factor of d and y?
4
Suppose 150*i + 900 = 160*i. Calculate the greatest common factor of i and 12.
6
Let g = 26 - 1. Let b(t) = 2*t**2 - 9*t + 6. Let h be b(3). Let i be (500/h)/(-2)*204/170. Calculate the greatest common divisor of g and i.
25
Let k = -337 - -378. Calculate the greatest common factor of k and 2.
1
Let l = -125 - -126. Suppose -3*n + 17 = 5. What is the greatest common factor of n and l?
1
Suppose 12*l - 433 = 1151. Calculate the greatest common factor of l and 6.
6
Let b(o) = 10*o + 122. Let x be b(-10). Calculate the greatest common divisor of x and 77.
11
Let y be ((-5)/(-4))/(1 + 92/(-96)). Let o be (y/4)/3*2. What is the greatest common factor of 40 and o?
5
Let t be 3/(-2)*(-290)/(-15). Let s = 73 + t. Let i(m) = -m**3 - 3*m**2 + 2*m + 14. Let b be i(-6). What is the highest common factor of s and b?
22
Suppose 4*l - 8 = -4*x, -2*l + 0 + 1 = 3*x. Let c be x/1*33/(-9). Let r(h) = 2*h**3 - 5*h + 5. Let q be r(3). What is the greatest common factor of q and c?
11
Let z be 8/20 + (-1866)/(-10). Let r = -191 + 208. What is the highest common divisor of z and r?
17
Let w(a) = 1. Let u(p) = -2*p + 10. Let b(o) = -u(o) + 4*w(o). Let k be b(12). Suppose -5*q = -22 - k. Calculate the greatest common factor of q and 12.
4
Let g = 7 + -7. Suppose g = y + 24 - 87. Calculate the highest common factor of 9 and y.
9
Suppose 5*r = 6*r - 14. Let i = -136 + 360. Calculate the highest common divisor of i and r.
14
Let a = 1364 - 1292. Calculate the highest common factor of a and 45.
9
Let y(t) = 48*t**2 + 17*t + 126. Let d be y(-6). Calculate the greatest common divisor of d and 48.
24
Let j = 181 - 101. What is the greatest common factor of j and 48?
16
